[INFO] fetching crate cryptominisat 5.6.3...
[INFO] checking cryptominisat-5.6.3 against try#72f88fc4e9458f89516a0b8b0868f3718aec5b47 for pr-74989
[INFO] extracting crate cryptominisat 5.6.3 into /workspace/builds/worker-4/source
[INFO] validating manifest of crates.io crate cryptominisat 5.6.3 on toolchain 72f88fc4e9458f89516a0b8b0868f3718aec5b47
[INFO] running `Command { std: "/workspace/cargo-home/bin/cargo" "+72f88fc4e9458f89516a0b8b0868f3718aec5b47" "read-manifest" "--manifest-path" "Cargo.toml", kill_on_drop: false }`
[INFO] started tweaking crates.io crate cryptominisat 5.6.3
[INFO] finished tweaking crates.io crate cryptominisat 5.6.3
[INFO] tweaked toml for crates.io crate cryptominisat 5.6.3 written to /workspace/builds/worker-4/source/Cargo.toml
[INFO] running `Command { std: "/workspace/cargo-home/bin/cargo" "+72f88fc4e9458f89516a0b8b0868f3718aec5b47" "generate-lockfile" "--manifest-path" "Cargo.toml" "-Zno-index-update", kill_on_drop: false }`
[INFO] running `Command { std: "/workspace/cargo-home/bin/cargo" "+72f88fc4e9458f89516a0b8b0868f3718aec5b47" "fetch" "--locked" "--manifest-path" "Cargo.toml", kill_on_drop: false }`
[INFO] running `Command { std: "docker" "create" "-v" "/var/lib/crater-agent-workspace/builds/worker-4/target:/opt/rustwide/target:rw,Z" "-v" "/var/lib/crater-agent-workspace/builds/worker-4/source:/opt/rustwide/workdir:ro,Z" "-v" "/var/lib/crater-agent-workspace/cargo-home:/opt/rustwide/cargo-home:ro,Z" "-v" "/var/lib/crater-agent-workspace/rustup-home:/opt/rustwide/rustup-home:ro,Z" "-e" "SOURCE_DIR=/opt/rustwide/workdir" "-e" "CARGO_TARGET_DIR=/opt/rustwide/target" "-e" "CARGO_HOME=/opt/rustwide/cargo-home" "-e" "RUSTUP_HOME=/opt/rustwide/rustup-home" "-w" "/opt/rustwide/workdir" "-m" "1610612736" "--user" "0:0" "--network" "none" "rustops/crates-build-env@sha256:d92eaeed33fa75130ca1ee6c8a01d1ffb62bac859dfdfb3450e3e5d1c0146529" "/opt/rustwide/cargo-home/bin/cargo" "+72f88fc4e9458f89516a0b8b0868f3718aec5b47" "metadata" "--no-deps" "--format-version=1", kill_on_drop: false }`
[INFO] [stderr] WARNING: Your kernel does not support swap limit capabilities or the cgroup is not mounted. Memory limited without swap.
[INFO] [stdout] 0eac60bc5635c31771f781257f8a9f4c9ae4eb42162d5c675be8cbdc800313e4
[INFO] running `Command { std: "docker" "start" "-a" "0eac60bc5635c31771f781257f8a9f4c9ae4eb42162d5c675be8cbdc800313e4", kill_on_drop: false }`
[INFO] running `Command { std: "docker" "inspect" "0eac60bc5635c31771f781257f8a9f4c9ae4eb42162d5c675be8cbdc800313e4", kill_on_drop: false }`
[INFO] running `Command { std: "docker" "rm" "-f" "0eac60bc5635c31771f781257f8a9f4c9ae4eb42162d5c675be8cbdc800313e4", kill_on_drop: false }`
[INFO] [stdout] 0eac60bc5635c31771f781257f8a9f4c9ae4eb42162d5c675be8cbdc800313e4
[INFO] running `Command { std: "docker" "create" "-v" "/var/lib/crater-agent-workspace/builds/worker-4/target:/opt/rustwide/target:rw,Z" "-v" "/var/lib/crater-agent-workspace/builds/worker-4/source:/opt/rustwide/workdir:ro,Z" "-v" "/var/lib/crater-agent-workspace/cargo-home:/opt/rustwide/cargo-home:ro,Z" "-v" "/var/lib/crater-agent-workspace/rustup-home:/opt/rustwide/rustup-home:ro,Z" "-e" "SOURCE_DIR=/opt/rustwide/workdir" "-e" "CARGO_TARGET_DIR=/opt/rustwide/target" "-e" "CARGO_INCREMENTAL=0" "-e" "RUST_BACKTRACE=full" "-e" "RUSTFLAGS=--cap-lints=forbid" "-e" "CARGO_HOME=/opt/rustwide/cargo-home" "-e" "RUSTUP_HOME=/opt/rustwide/rustup-home" "-w" "/opt/rustwide/workdir" "-m" "1610612736" "--user" "0:0" "--network" "none" "rustops/crates-build-env@sha256:d92eaeed33fa75130ca1ee6c8a01d1ffb62bac859dfdfb3450e3e5d1c0146529" "/opt/rustwide/cargo-home/bin/cargo" "+72f88fc4e9458f89516a0b8b0868f3718aec5b47" "check" "--frozen" "--all" "--all-targets" "--message-format=json", kill_on_drop: false }`
[INFO] [stdout] bf2fcbd9b677b4dd8449d1a9809a3cb9511155ae371daa3300378b604ab1f7b2
[INFO] [stderr] WARNING: Your kernel does not support swap limit capabilities or the cgroup is not mounted. Memory limited without swap.
[INFO] running `Command { std: "docker" "start" "-a" "bf2fcbd9b677b4dd8449d1a9809a3cb9511155ae371daa3300378b604ab1f7b2", kill_on_drop: false }`
[INFO] [stderr]    Compiling cc v1.0.59
[INFO] [stderr]    Compiling libc v0.2.77
[INFO] [stderr]    Compiling cmake v0.1.44
[INFO] [stderr]    Compiling cryptominisat v5.6.3 (/opt/rustwide/workdir)
[INFO] [stderr] error: failed to run custom build command for `cryptominisat v5.6.3 (/opt/rustwide/workdir)`
[INFO] [stderr] 
[INFO] [stderr] Caused by:
[INFO] [stderr]   process didn't exit successfully: `/opt/rustwide/target/debug/build/cryptominisat-31a37793bea0d772/build-script-build` (exit code: 101)
[INFO] [stderr]   --- stdout
[INFO] [stderr]   running: "cmake" "/opt/rustwide/workdir/cryptominisat" "-DCMAKE_INSTALL_PREFIX=/opt/rustwide/target/debug/build/cryptominisat-a8b2cce65e367e2a/out" "-DCMAKE_C_FLAGS= -ffunction-sections -fdata-sections -fPIC -m64" "-DCMAKE_C_COMPILER=/usr/bin/cc" "-DCMAKE_CXX_FLAGS= -ffunction-sections -fdata-sections -fPIC -m64" "-DCMAKE_CXX_COMPILER=/usr/bin/c++" "-DCMAKE_ASM_FLAGS= -ffunction-sections -fdata-sections -fPIC -m64" "-DCMAKE_ASM_COMPILER=/usr/bin/cc" "-DCMAKE_BUILD_TYPE=Debug"
[INFO] [stderr]   -- LIB directory is 'lib'
[INFO] [stderr]   -- BIN directory is 'bin'
[INFO] [stderr]   -- Doing a Debug build
[INFO] [stderr]   -- The C compiler identification is GNU 9.3.0
[INFO] [stderr]   -- The CXX compiler identification is GNU 9.3.0
[INFO] [stderr]   -- Check for working C compiler: /usr/bin/cc
[INFO] [stderr]   -- Check for working C compiler: /usr/bin/cc -- works
[INFO] [stderr]   -- Detecting C compiler ABI info
[INFO] [stderr]   -- Detecting C compiler ABI info - done
[INFO] [stderr]   -- Detecting C compile features
[INFO] [stderr]   -- Detecting C compile features - done
[INFO] [stderr]   -- Check for working CXX compiler: /usr/bin/c++
[INFO] [stderr]   -- Check for working CXX compiler: /usr/bin/c++ -- works
[INFO] [stderr]   -- Detecting CXX compiler ABI info
[INFO] [stderr]   -- Detecting CXX compiler ABI info - done
[INFO] [stderr]   -- Detecting CXX compile features
[INFO] [stderr]   -- Detecting CXX compile features - done
[INFO] [stderr]   -- Looking for pthread.h
[INFO] [stderr]   -- Looking for pthread.h - found
[INFO] [stderr]   -- Performing Test CMAKE_HAVE_LIBC_PTHREAD
[INFO] [stderr]   -- Performing Test CMAKE_HAVE_LIBC_PTHREAD - Failed
[INFO] [stderr]   -- Check if compiler accepts -pthread
[INFO] [stderr]   -- Check if compiler accepts -pthread - yes
[INFO] [stderr]   -- Found Threads: TRUE  
[INFO] [stderr]   -- build type is Debug
[INFO] [stderr]   -- Performing Test HAVE_FLAG_-mtune=native
[INFO] [stderr]   -- Performing Test HAVE_FLAG_-mtune=native - Success
[INFO] [stderr]   -- Performing Test HAVE_FLAG_-Wall
[INFO] [stderr]   -- Performing Test HAVE_FLAG_-Wall - Success
[INFO] [stderr]   -- Performing Test HAVE_FLAG_-Wextra
[INFO] [stderr]   -- Performing Test HAVE_FLAG_-Wextra - Success
[INFO] [stderr]   -- Performing Test HAVE_FLAG_-Wunused
[INFO] [stderr]   -- Performing Test HAVE_FLAG_-Wunused - Success
[INFO] [stderr]   -- Performing Test HAVE_FLAG_-Wsign-compare
[INFO] [stderr]   -- Performing Test HAVE_FLAG_-Wsign-compare - Success
[INFO] [stderr]   -- Performing Test HAVE_FLAG_-fno-omit-frame-pointer
[INFO] [stderr]   -- Performing Test HAVE_FLAG_-fno-omit-frame-pointer - Success
[INFO] [stderr]   -- Performing Test HAVE_FLAG_-Wtype-limits
[INFO] [stderr]   -- Performing Test HAVE_FLAG_-Wtype-limits - Success
[INFO] [stderr]   -- Performing Test HAVE_FLAG_-Wuninitialized
[INFO] [stderr]   -- Performing Test HAVE_FLAG_-Wuninitialized - Success
[INFO] [stderr]   -- Performing Test HAVE_FLAG_-Wno-deprecated
[INFO] [stderr]   -- Performing Test HAVE_FLAG_-Wno-deprecated - Success
[INFO] [stderr]   -- Performing Test HAVE_FLAG_-Wstrict-aliasing
[INFO] [stderr]   -- Performing Test HAVE_FLAG_-Wstrict-aliasing - Success
[INFO] [stderr]   -- Performing Test HAVE_FLAG_-Wpointer-arith
[INFO] [stderr]   -- Performing Test HAVE_FLAG_-Wpointer-arith - Success
[INFO] [stderr]   -- Performing Test HAVE_FLAG_-Wheader-guard
[INFO] [stderr]   -- Performing Test HAVE_FLAG_-Wheader-guard - Failed
[INFO] [stderr]   -- Performing Test HAVE_FLAG_-Wformat-nonliteral
[INFO] [stderr]   -- Performing Test HAVE_FLAG_-Wformat-nonliteral - Success
[INFO] [stderr]   -- Performing Test HAVE_FLAG_-Winit-self
[INFO] [stderr]   -- Performing Test HAVE_FLAG_-Winit-self - Success
[INFO] [stderr]   -- Performing Test HAVE_FLAG_-Wparentheses
[INFO] [stderr]   -- Performing Test HAVE_FLAG_-Wparentheses - Success
[INFO] [stderr]   -- Performing Test HAVE_FLAG_-Wunreachable-code
[INFO] [stderr]   -- Performing Test HAVE_FLAG_-Wunreachable-code - Success
[INFO] [stderr]   -- Performing Test HAVE_FLAG_-ggdb3
[INFO] [stderr]   -- Performing Test HAVE_FLAG_-ggdb3 - Success
[INFO] [stderr]   -- Compiling for dynamic library use
[INFO] [stderr]   -- GIT hash found: GIT-notfound
[INFO] [stderr]   -- PROJECT_VERSION: 5.6.3
[INFO] [stderr]   -- PROJECT_VERSION_MAJOR: 5
[INFO] [stderr]   -- PROJECT_VERSION_MINOR: 6
[INFO] [stderr]   -- PROJECT_VERSION_PATCH: 3
[INFO] [stderr]   -- Could NOT find Boost (missing: Boost_INCLUDE_DIR program_options) (Required is at least version "1.46")
[INFO] [stderr]   -- Not compiling detailed statistics. The system is faster without them
[INFO] [stderr]   -- Cannot find help2man, not creating manpage
[INFO] [stderr]   -- Found ZLIB: /usr/lib/x86_64-linux-gnu/libz.so (found version "1.2.11") 
[INFO] [stderr]   -- OK, Found ZLIB!
[INFO] [stderr]   -- Valgrind Prefix: 
[INFO] [stderr]   -- Could NOT find VALGRIND (missing: VALGRIND_INCLUDE_DIR VALGRIND_PROGRAM) 
[INFO] [stderr]   -- Cannot find valgrind or it's disabled, we will not be able to mark memory pool objects as undefined
[INFO] [stderr]   -- Found PkgConfig: /usr/bin/pkg-config (found version "0.29.1") 
[INFO] [stderr]   -- Could NOT find m4ri (missing: M4RI_LIBRARIES M4RI_INCLUDE_DIRS) 
[INFO] [stderr]   -- All defines at startup:  -DBOOST_TEST_DYN_LINK -DUSE_ZLIB
[INFO] [stderr]   -- Found PythonInterp: /usr/bin/python3 (found suitable version "3.8.2", minimum required is "3") 
[INFO] [stderr]   -- Found PythonLibs: /usr/lib/x86_64-linux-gnu/libpython3.8.so (found suitable version "3.8.2", minimum required is "3") 
[INFO] [stderr]   -- Python 3 -- PYTHON_EXECUTABLE=/usr/bin/python3
[INFO] [stderr]   -- Python 3 -- PYTHON_LIBRARIES=/usr/lib/x86_64-linux-gnu/libpython3.8.so
[INFO] [stderr]   -- Python 3 -- PYTHON_INCLUDE_DIRS=/usr/include/python3.8
[INFO] [stderr]   -- Python 3 -- PYTHONLIBS_VERSION_STRING=3.8.2
[INFO] [stderr]   -- Only building executable with few command-line options because the boost program_options library were not available
[INFO] [stderr]   -- Performing Test HAVE_FLAG_-Wno-bitfield-constant-conversion
[INFO] [stderr]   -- Performing Test HAVE_FLAG_-Wno-bitfield-constant-conversion - Failed
[INFO] [stderr]   -- Performing Test HAVE_FLAG_-Wlogical-op
[INFO] [stderr]   -- Performing Test HAVE_FLAG_-Wlogical-op - Success
[INFO] [stderr]   -- Performing Test HAVE_FLAG_-Wrestrict
[INFO] [stderr]   -- Performing Test HAVE_FLAG_-Wrestrict - Success
[INFO] [stderr]   -- Performing Test HAVE_FLAG_-Wnull-dereference
[INFO] [stderr]   -- Performing Test HAVE_FLAG_-Wnull-dereference - Success
[INFO] [stderr]   -- Performing Test HAVE_FLAG_-Wjump-misses-init
[INFO] [stderr]   -- Performing Test HAVE_FLAG_-Wjump-misses-init - Failed
[INFO] [stderr]   -- Performing Test HAVE_FLAG_-Wdouble-promotion
[INFO] [stderr]   -- Performing Test HAVE_FLAG_-Wdouble-promotion - Success
[INFO] [stderr]   -- Performing Test HAVE_FLAG_-Wshadow
[INFO] [stderr]   -- Performing Test HAVE_FLAG_-Wshadow - Success
[INFO] [stderr]   -- Performing Test HAVE_FLAG_-Wformat=2
[INFO] [stderr]   -- Performing Test HAVE_FLAG_-Wformat=2 - Success
[INFO] [stderr]   -- Performing Test HAVE_FLAG_-Wextra-semi
[INFO] [stderr]   -- Performing Test HAVE_FLAG_-Wextra-semi - Success
[INFO] [stderr]   -- Performing Test HAVE_FLAG_-pedantic
[INFO] [stderr]   -- Performing Test HAVE_FLAG_-pedantic - Success
[INFO] [stderr]   -- Performing Test HAVE_FLAG_-Wno-class-memaccess
[INFO] [stderr]   -- Performing Test HAVE_FLAG_-Wno-class-memaccess - Success
[INFO] [stderr]   -- Performing Test COMPILER_HAS_HIDDEN_VISIBILITY
[INFO] [stderr]   -- Performing Test COMPILER_HAS_HIDDEN_VISIBILITY - Success
[INFO] [stderr]   -- Performing Test COMPILER_HAS_HIDDEN_INLINE_VISIBILITY
[INFO] [stderr]   -- Performing Test COMPILER_HAS_HIDDEN_INLINE_VISIBILITY - Success
[INFO] [stderr]   -- Performing Test COMPILER_HAS_DEPRECATED_ATTR
[INFO] [stderr]   -- Performing Test COMPILER_HAS_DEPRECATED_ATTR - Success
[INFO] [stderr]   -- Found python interpreter, libs and header files
[INFO] [stderr]   -- Building python interface
[INFO] [stderr]   -- Python CFLAGS:  '-Wno-unused-result -Wsign-compare -DNDEBUG -g -fwrapv -O2 -Wall -g   -fstack-protector-strong -Wformat -Werror=format-security  -g -fwrapv -O2   '
[INFO] [stderr]   -- Python LDFLAGS: '-lcrypt -lpthread -ldl  -lutil -lm'
[INFO] [stderr]   -- Python module will be installed to : '/opt/rustwide/target/debug/build/cryptominisat-a8b2cce65e367e2a/out'
[INFO] [stderr]   -- Configuring done
[INFO] [stderr]   -- Generating done
[INFO] [stderr]   -- Build files have been written to: /opt/rustwide/target/debug/build/cryptominisat-a8b2cce65e367e2a/out/build
[INFO] [stderr]   running: "cmake" "--build" "." "--target" "install" "--config" "Debug" "--"
[INFO] [stderr]   Scanning dependencies of target CopyPublicHeaders
[INFO] [stderr]   Copying cryptominisat_c.h to /opt/rustwide/target/debug/build/cryptominisat-a8b2cce65e367e2a/out/build/include/cryptominisat5
[INFO] [stderr]   Scanning dependencies of target libcryptominisat5
[INFO] [stderr]   [  2%] Building CXX object cmsat5-src/CMakeFiles/libcryptominisat5.dir/clauseusagestats.cpp.o
[INFO] [stderr]   [  4%] Building CXX object cmsat5-src/CMakeFiles/libcryptominisat5.dir/propengine.cpp.o
[INFO] [stderr]   [  7%] Building CXX object cmsat5-src/CMakeFiles/libcryptominisat5.dir/cnf.cpp.o
[INFO] [stderr]   [  9%] Building CXX object cmsat5-src/CMakeFiles/libcryptominisat5.dir/prober.cpp.o
[INFO] [stderr]   Copying cryptominisat.h to /opt/rustwide/target/debug/build/cryptominisat-a8b2cce65e367e2a/out/build/include/cryptominisat5
[INFO] [stderr]   [ 11%] Building CXX object cmsat5-src/CMakeFiles/libcryptominisat5.dir/varreplacer.cpp.o
[INFO] [stderr]   [ 14%] Building CXX object cmsat5-src/CMakeFiles/libcryptominisat5.dir/clausecleaner.cpp.o
[INFO] [stderr]   [ 16%] Building CXX object cmsat5-src/CMakeFiles/libcryptominisat5.dir/subsumestrengthen.cpp.o
[INFO] [stderr]   [ 19%] Building CXX object cmsat5-src/CMakeFiles/libcryptominisat5.dir/occsimplifier.cpp.o
[INFO] [stderr]   [ 21%] Building CXX object cmsat5-src/CMakeFiles/libcryptominisat5.dir/clauseallocator.cpp.o
[INFO] [stderr]   Copying solvertypesmini.h to /opt/rustwide/target/debug/build/cryptominisat-a8b2cce65e367e2a/out/build/include/cryptominisat5
[INFO] [stderr]   [ 23%] Building CXX object cmsat5-src/CMakeFiles/libcryptominisat5.dir/sccfinder.cpp.o
[INFO] [stderr]   [ 26%] Building CXX object cmsat5-src/CMakeFiles/libcryptominisat5.dir/distillerlong.cpp.o
[INFO] [stderr]   [ 28%] Building CXX object cmsat5-src/CMakeFiles/libcryptominisat5.dir/distillerlongwithimpl.cpp.o
[INFO] [stderr]   [ 30%] Building CXX object cmsat5-src/CMakeFiles/libcryptominisat5.dir/str_impl_w_impl_stamp.cpp.o
[INFO] [stderr]   [ 33%] Building CXX object cmsat5-src/CMakeFiles/libcryptominisat5.dir/solverconf.cpp.o
[INFO] [stderr]   [ 35%] Building CXX object cmsat5-src/CMakeFiles/libcryptominisat5.dir/solutionextender.cpp.o
[INFO] [stderr]   Copying dimacsparser.h to /opt/rustwide/target/debug/build/cryptominisat-a8b2cce65e367e2a/out/build/include/cryptominisat5
[INFO] [stderr]   Copying streambuffer.h to /opt/rustwide/target/debug/build/cryptominisat-a8b2cce65e367e2a/out/build/include/cryptominisat5
[INFO] [stderr]   [ 35%] Built target CopyPublicHeaders
[INFO] [stderr]   [ 38%] Building CXX object cmsat5-src/CMakeFiles/libcryptominisat5.dir/completedetachreattacher.cpp.o
[INFO] [stderr]   [ 40%] Building CXX object cmsat5-src/CMakeFiles/libcryptominisat5.dir/searcher.cpp.o
[INFO] [stderr]   [ 42%] Building CXX object cmsat5-src/CMakeFiles/libcryptominisat5.dir/solver.cpp.o
[INFO] [stderr] 
[INFO] [stderr]   --- stderr
[INFO] [stderr]   CMake Warning at CMakeLists.txt:511 (MESSAGE):
[INFO] [stderr]     Did not find M4RI, XOR detection&manipulation disabled
[INFO] [stderr] 
[INFO] [stderr] 
[INFO] [stderr]   CMake Warning at CMakeLists.txt:635 (message):
[INFO] [stderr]     Testing is disabled
[INFO] [stderr] 
[INFO] [stderr] 
[INFO] [stderr]   CMake Warning:
[INFO] [stderr]     Manually-specified variables were not used by the project:
[INFO] [stderr] 
[INFO] [stderr]       CMAKE_ASM_COMPILER
[INFO] [stderr]       CMAKE_ASM_FLAGS
[INFO] [stderr] 
[INFO] [stderr] 
[INFO] [stderr]   c++: fatal error: Killed signal terminated program cc1plus
[INFO] [stderr]   compilation terminated.
[INFO] [stderr]   make[2]: *** [cmsat5-src/CMakeFiles/libcryptominisat5.dir/build.make:141: cmsat5-src/CMakeFiles/libcryptominisat5.dir/occsimplifier.cpp.o] Error 1
[INFO] [stderr]   make[2]: *** Waiting for unfinished jobs....
[INFO] [stderr]   c++: fatal error: Killed signal terminated program cc1plus
[INFO] [stderr]   compilation terminated.
[INFO] [stderr]   make[2]: *** [cmsat5-src/CMakeFiles/libcryptominisat5.dir/build.make:102: cmsat5-src/CMakeFiles/libcryptominisat5.dir/clausecleaner.cpp.o] Error 1
[INFO] [stderr]   c++: fatal error: Killed signal terminated program cc1plus
[INFO] [stderr]   compilation terminated.
[INFO] [stderr]   make[2]: *** [cmsat5-src/CMakeFiles/libcryptominisat5.dir/build.make:154: cmsat5-src/CMakeFiles/libcryptominisat5.dir/subsumestrengthen.cpp.o] Error 1
[INFO] [stderr]   /opt/rustwide/workdir/cryptominisat/src/searcher.cpp: In member function 'CMSat::lbool CMSat::Searcher::solve(uint64_t, unsigned int)':
[INFO] [stderr]   /opt/rustwide/workdir/cryptominisat/src/searcher.cpp:2179:22: warning: unused parameter 'upper_level_iteration_num' [-Wunused-parameter]
[INFO] [stderr]    2179 |     , const unsigned upper_level_iteration_num
[INFO] [stderr]         |       ~~~~~~~~~~~~~~~^~~~~~~~~~~~~~~~~~~~~~~~~
[INFO] [stderr]   make[1]: *** [CMakeFiles/Makefile2:202: cmsat5-src/CMakeFiles/libcryptominisat5.dir/all] Error 2
[INFO] [stderr]   make: *** [Makefile:130: all] Error 2
[INFO] [stderr]   thread 'main' panicked at '
[INFO] [stderr]   command did not execute successfully, got: exit code: 2
[INFO] [stderr] 
[INFO] [stderr]   build script failed, must exit now', /opt/rustwide/cargo-home/registry/src/github.com-1ecc6299db9ec823/cmake-0.1.44/src/lib.rs:885:5
[INFO] [stderr]   stack backtrace:
[INFO] [stderr]      0:     0x55663dc12530 - std::backtrace_rs::backtrace::libunwind::trace::h452faf99f32e7c93
[INFO] [stderr]                                  at /rustc/72f88fc4e9458f89516a0b8b0868f3718aec5b47/library/std/src/../../backtrace/src/backtrace/libunwind.rs:96
[INFO] [stderr]      1:     0x55663dc12530 - std::backtrace_rs::backtrace::trace_unsynchronized::he40edc71437667a1
[INFO] [stderr]                                  at /rustc/72f88fc4e9458f89516a0b8b0868f3718aec5b47/library/std/src/../../backtrace/src/backtrace/mod.rs:66
[INFO] [stderr]      2:     0x55663dc12530 - std::sys_common::backtrace::_print_fmt::h6c51d6ade71f46bf
[INFO] [stderr]                                  at /rustc/72f88fc4e9458f89516a0b8b0868f3718aec5b47/library/std/src/sys_common/backtrace.rs:79
[INFO] [stderr]      3:     0x55663dc12530 - <std::sys_common::backtrace::_print::DisplayBacktrace as core::fmt::Display>::fmt::h3cd15d7003dec37a
[INFO] [stderr]                                  at /rustc/72f88fc4e9458f89516a0b8b0868f3718aec5b47/library/std/src/sys_common/backtrace.rs:58
[INFO] [stderr]      4:     0x55663dc3192c - core::fmt::write::h1857a60b204f1b6a
[INFO] [stderr]                                  at /rustc/72f88fc4e9458f89516a0b8b0868f3718aec5b47/library/core/src/fmt/mod.rs:1080
[INFO] [stderr]      5:     0x55663dc0ef27 - std::io::Write::write_fmt::hac61caff894c35ae
[INFO] [stderr]                                  at /rustc/72f88fc4e9458f89516a0b8b0868f3718aec5b47/library/std/src/io/mod.rs:1517
[INFO] [stderr]      6:     0x55663dc14ce0 - std::sys_common::backtrace::_print::haa2f390fb7957e3e
[INFO] [stderr]                                  at /rustc/72f88fc4e9458f89516a0b8b0868f3718aec5b47/library/std/src/sys_common/backtrace.rs:61
[INFO] [stderr]      7:     0x55663dc14ce0 - std::sys_common::backtrace::print::h48c7cbbad9013bb1
[INFO] [stderr]                                  at /rustc/72f88fc4e9458f89516a0b8b0868f3718aec5b47/library/std/src/sys_common/backtrace.rs:48
[INFO] [stderr]      8:     0x55663dc14ce0 - std::panicking::default_hook::{{closure}}::h8b7ff05a31e71d55
[INFO] [stderr]                                  at /rustc/72f88fc4e9458f89516a0b8b0868f3718aec5b47/library/std/src/panicking.rs:208
[INFO] [stderr]      9:     0x55663dc14a2c - std::panicking::default_hook::h2f00c78800d98e4c
[INFO] [stderr]                                  at /rustc/72f88fc4e9458f89516a0b8b0868f3718aec5b47/library/std/src/panicking.rs:227
[INFO] [stderr]     10:     0x55663dc15343 - std::panicking::rust_panic_with_hook::h4eaa635e4694aef3
[INFO] [stderr]                                  at /rustc/72f88fc4e9458f89516a0b8b0868f3718aec5b47/library/std/src/panicking.rs:577
[INFO] [stderr]     11:     0x55663dc14f19 - std::panicking::begin_panic_handler::{{closure}}::hec242f1b136b5ff2
[INFO] [stderr]                                  at /rustc/72f88fc4e9458f89516a0b8b0868f3718aec5b47/library/std/src/panicking.rs:484
[INFO] [stderr]     12:     0x55663dc1299c - std::sys_common::backtrace::__rust_end_short_backtrace::h1f3cc383ee6c0374
[INFO] [stderr]                                  at /rustc/72f88fc4e9458f89516a0b8b0868f3718aec5b47/library/std/src/sys_common/backtrace.rs:153
[INFO] [stderr]     13:     0x55663dc14ed9 - rust_begin_unwind
[INFO] [stderr]                                  at /rustc/72f88fc4e9458f89516a0b8b0868f3718aec5b47/library/std/src/panicking.rs:483
[INFO] [stderr]     14:     0x55663dc14e8b - std::panicking::begin_panic_fmt::hebfdcd945bbd27b1
[INFO] [stderr]                                  at /rustc/72f88fc4e9458f89516a0b8b0868f3718aec5b47/library/std/src/panicking.rs:437
[INFO] [stderr]     15:     0x55663db9f987 - cmake::fail::h5ac34a445f962f17
[INFO] [stderr]                                  at /opt/rustwide/cargo-home/registry/src/github.com-1ecc6299db9ec823/cmake-0.1.44/src/lib.rs:885
[INFO] [stderr]     16:     0x55663db9f2cc - cmake::run::hdae76e59475531dd
[INFO] [stderr]                                  at /opt/rustwide/cargo-home/registry/src/github.com-1ecc6299db9ec823/cmake-0.1.44/src/lib.rs:863
[INFO] [stderr]     17:     0x55663db9ba3b - cmake::Config::build::h1f94ac9664857d70
[INFO] [stderr]                                  at /opt/rustwide/cargo-home/registry/src/github.com-1ecc6299db9ec823/cmake-0.1.44/src/lib.rs:769
[INFO] [stderr]     18:     0x55663db97993 - cmake::build::h120661d6cab36a4f
[INFO] [stderr]                                  at /opt/rustwide/cargo-home/registry/src/github.com-1ecc6299db9ec823/cmake-0.1.44/src/lib.rs:99
[INFO] [stderr]     19:     0x55663db973b0 - build_script_build::main::h14f35bd6e02e4351
[INFO] [stderr]                                  at /opt/rustwide/workdir/build.rs:12
[INFO] [stderr]     20:     0x55663db9758b - core::ops::function::FnOnce::call_once::he4a712a6e587eaab
[INFO] [stderr]                                  at /rustc/72f88fc4e9458f89516a0b8b0868f3718aec5b47/library/core/src/ops/function.rs:227
[INFO] [stderr]     21:     0x55663db9719e - std::sys_common::backtrace::__rust_begin_short_backtrace::hd3d7f516a7ab9d71
[INFO] [stderr]                                  at /rustc/72f88fc4e9458f89516a0b8b0868f3718aec5b47/library/std/src/sys_common/backtrace.rs:137
[INFO] [stderr]     22:     0x55663db97271 - std::rt::lang_start::{{closure}}::he8cbc737ece343da
[INFO] [stderr]                                  at /rustc/72f88fc4e9458f89516a0b8b0868f3718aec5b47/library/std/src/rt.rs:66
[INFO] [stderr]     23:     0x55663dc15741 - core::ops::function::impls::<impl core::ops::function::FnOnce<A> for &F>::call_once::hecc21eb9018cc197
[INFO] [stderr]                                  at /rustc/72f88fc4e9458f89516a0b8b0868f3718aec5b47/library/core/src/ops/function.rs:259
[INFO] [stderr]     24:     0x55663dc15741 - std::panicking::try::do_call::h174ad655d084b5c7
[INFO] [stderr]                                  at /rustc/72f88fc4e9458f89516a0b8b0868f3718aec5b47/library/std/src/panicking.rs:381
[INFO] [stderr]     25:     0x55663dc15741 - std::panicking::try::h479e6054ce28de10
[INFO] [stderr]                                  at /rustc/72f88fc4e9458f89516a0b8b0868f3718aec5b47/library/std/src/panicking.rs:345
[INFO] [stderr]     26:     0x55663dc15741 - std::panic::catch_unwind::hb558ddea2b3e9c45
[INFO] [stderr]                                  at /rustc/72f88fc4e9458f89516a0b8b0868f3718aec5b47/library/std/src/panic.rs:382
[INFO] [stderr]     27:     0x55663dc15741 - std::rt::lang_start_internal::h163149047f0a8b61
[INFO] [stderr]                                  at /rustc/72f88fc4e9458f89516a0b8b0868f3718aec5b47/library/std/src/rt.rs:51
[INFO] [stderr]     28:     0x55663db97247 - std::rt::lang_start::hbe3b2aae6700eab6
[INFO] [stderr]                                  at /rustc/72f88fc4e9458f89516a0b8b0868f3718aec5b47/library/std/src/rt.rs:65
[INFO] [stderr]     29:     0x55663db9751a - main
[INFO] [stderr]     30:     0x7fe7af8400b3 - __libc_start_main
[INFO] [stderr]     31:     0x55663db970ce - _start
[INFO] [stderr]     32:                0x0 - <unknown>
[INFO] running `Command { std: "docker" "inspect" "bf2fcbd9b677b4dd8449d1a9809a3cb9511155ae371daa3300378b604ab1f7b2", kill_on_drop: false }`
[INFO] running `Command { std: "docker" "rm" "-f" "bf2fcbd9b677b4dd8449d1a9809a3cb9511155ae371daa3300378b604ab1f7b2", kill_on_drop: false }`
[INFO] [stdout] bf2fcbd9b677b4dd8449d1a9809a3cb9511155ae371daa3300378b604ab1f7b2
